rs of p(-26)?
17
Let w(r) = r**3 + 22*r**2 - 25*r - 47. Let c be w(-23). List the prime factors of 11 - ((-1 - c) + -5).
2
Let q(g) = g**3 + 9*g**2 + 8*g - 8. Let u be 1*4/1 - 11. Let c be q(u). Suppose -z = -0*z - c. List the prime factors of z.
2, 17
Suppose 0 = c + 5*c - 792. Let x = c - 64. What are the prime factors of x?
2, 17
Let u = -453 - -5629. What are the prime factors of u?
2, 647
Let u be (-2 + -4)*(-2 + (-201)/(-2)). What are the prime factors of 6/(-2) + (-1)/3*u?
2, 97
Let t = 5 + 17. Suppose 3*p = 3*w + 173 + t, -5*p = w - 313. What are the prime factors of p?
3, 7
Let i(g) = g**2 - 7*g. Let w be i(-12). Suppose -2*s + w - 64 = 0. What are the prime factors of s?
2, 41
Suppose 3*n - 57 = 3*c, -n - 59 = -4*n + 5*c. Suppose -2*j + 2*o + n = -2*o, -8 = -j + 3*o. Suppose 13*a - j*a - 70 = 0. What are the prime factors of a?
5, 7
What are the prime factors of 29 - 36 - (-2971 - 1)?
5, 593
Suppose -36*u = 16*u - 146224. What are the prime factors of u?
2, 19, 37
Suppose -5319 - 16715 = -46*z. What are the prime factors of z?
479
Let r(h) be the third derivative of h**5/60 - h**3/3 - 6*h**2. Let f be r(-2). Suppose 2*a = f + 32. List the prime factors of a.
17
Let l = 8 - -457. What are the prime factors of l?
3, 5, 31
Suppose -5 = 13*o - 252. Suppose -l + 34 = 3*y, -2*y - o = -l + 20. List the prime factors of l.
37
Suppose 6*p - 2376 - 1644 = 0. What are the prime factors of p?
2, 5, 67
Suppose 0 = 5*v - 5, -3*v + 197 = 2*o - o. What are the prime factors of o*((-1)/6)/((-3)/9)?
97
Let i be (12/(-30))/(2/(-20)). Suppose 0 = i*l + 4*p - 292, -4*p + 365 = 2*l + 3*l. Suppose b + 5*o - 50 = 0, 2*b + 3*o - l = 2*o. List the prime factors of b.
5, 7
Let p be (92/115)/(2/5). Suppose 5*q - 1456 = -p*q. List the prime factors of q.
2, 13
Let p be 65/26 + 2*(-1)/(-4). Let v = 18 + -56. List the prime factors of v*-2*p/12.
19
Suppose 4*y + 37 = 5*v, -v + 1 = 4. Let h(d) = d**2 - 7*d - 27. What are the prime factors of h(y)?
233
Let p(j) = j**2 - 22*j + 14. Let v(b) = -3*b**2 + 65*b - 41. Let m(x) = 17*p(x) + 6*v(x). Let d be m(15). Suppose a = d + 2. List the prime factors of a.
3
What are the prime factors of 11210/26 + (-12)/78?
431
Suppose 3*k = 5*y + 286, 3*y + 8*k = 4*k - 189. Let i = -3 - y. What are the prime factors of i?
2, 7
Suppose -59*g - 48699 = -304759. List the prime factors of g.
2, 5, 7, 31
Suppose -2*o + 279 = -469. What are the prime factors of o?
2, 11, 17
Suppose 2*m = m. Suppose y + 4*s - 114 = m, 2*y + 4*s + 522 = 7*y. List the prime factors of y.
2, 53
Let n = -11 - -7. Let p = 8 + n. Suppose 25 = v + 2*c, -2*c - 21 - 59 = -p*v. What are the prime factors of v?
3, 7
Let i(x) = -2*x + 2. Let f be i(0). Suppose -f*t - 2 + 96 = 0. Suppose 5*a - t = 43. What are the prime factors of a?
2, 3
Let j = 49 - 23. Let h = 41 - j. List the prime factors of h.
3, 5
Let k be 1 + -5 + 12/(-1 - -7). List the prime factors of k/((-3)/348*2).
2, 29
Let q = -444 + 829. List the prime factors of q.
5, 7, 11
Suppose 2*q = h + 3*q - 25, 5*h - q = 95. Suppose h*a = 16*a + 276. What are the prime factors of a?
3, 23
Let o(u) = 4*u**2 + 3*u + 4. Let q be o(-2). What are the prime factors of (q/(-8) + 1)/(3/(-36))?
3
Let c(w) = w**3 + 48 + 3*w**3 - 3*w**3 - 4*w**2 + 7*w - 63. List the prime factors of c(6).
3, 11
Let t = -18 - -20. Suppose 5*q - 5*b = t*q + 140, 104 = 3*q + 4*b. List the prime factors of q.
2, 5
Let r(t) = 6*t + 27 + 0*t + 11*t + 9*t. List the prime factors of r(5).
157
Let g = -39 - -35. List the prime factors of 795/10 - 6/g.
3
Let x be 2 + (-1 + -1 - -82). Let a be (2 - 1)/(2/x). Suppose 4*y - 63 = a. List the prime factors of y.
2, 13
Let b = 11 - 8. Suppose 5*m - 45 - 25 = 0. What are the prime factors of ((b - 0) + -2)*m?
2, 7
Let m(s) = 5*s**3 + 3*s**2 + 5*s - 4. Let x(k) = k**2 - k + 1. Let g(y) = -m(y) - 2*x(y). List the prime factors of g(-2).
2, 7
Suppose 8966 = 3*m - 646. What are the prime factors of m?
2, 3, 89
Suppose -4*d = 2*v - 10920, 1 - 9 = -4*v. List the prime factors of d.
2729
Let h = -1849 + 2760. What are the prime factors of h?
911
Suppose 2*l = -8 + 30. Suppose -39 = -5*r + l. List the prime factors of r.
2, 5
Suppose 8*h = 7*h + 3. Suppose -3*i = h*t - 2*i - 614, 2*t - 4*i = 386. List the prime factors of t.
7, 29
Let n = -565 + 1093. List the prime factors of n.
2, 3, 11
Suppose -4*s + 7*s + 393 = 0. Let h = s - -56. What are the prime factors of (-4)/(-30) - 965/h?
13
Let d = -151 + 504. What are the prime factors of d?
353
Let m = 1140 + -550. What are the prime factors of m?
2, 5, 59
Let r = 11 + -10. What are the prime factors of (r - 2)*186/(-1 + -2)?
2, 31
Let z be 348/22 + 48/264. Suppose 18*u - z*u = 176. List the prime factors of u.
2, 11
Let t = -1355 - -4921. What are the prime factors of t?
2, 1783
Let m = -18 + 21. Suppose 5*k - m*k - 218 = 0. List the prime factors of k.
109
Suppose 5*i - 20*i = 2235. Let g = 339 + i. List the prime factors of g.
2, 5, 19
What are the prime factors of (-60)/90*(-14334)/4?
2389
Let q(r) = -r**3 + 9*r**2 - 8*r + 2. Let i be q(8). Suppose y = i*y + 30. Let o = 61 + y. List the prime factors of o.
31
Let s(k) = -k**3 + 26*k**2 - 52*k + 50. What are the prime factors of s(23)?
3, 7
Suppose -87*j - 29904 = -101*j. List the prime factors of j.
2, 3, 89
Let o be 2/(5/2 + -2). Let x be ((-18)/o)/(-3)*2. Suppose -4*i + 16 + 0 = -2*c, -x*c = 5*i - 42. What are the prime factors of i?
2, 3
Suppose -2*h = 5*k - 5, -2*h - 3*k = -6*h - 3. Suppose -s + w + 31 = -h*s, 4*s = -5*w + 115. List the prime factors of s.
2, 3, 5
Suppose -78*s + 4449 = -75*s. What are the prime factors of s?
1483
Suppose 522*c = 529*c - 37450. List the prime factors of c.
2, 5, 107
Suppose 4*j - 16 = -0*j. Let g be (-15)/j - (-6)/(-24). What are the prime factors of 42/g*20/(-15)?
2, 7
Let q(j) = -2*j**3 + 7*j**2 + 8*j - 1. Let m be q(-2). Suppose 989 = 8*x - m. What are the prime factors of x?
127
Let b = -1857 - -2865. What are the prime factors of b?
2, 3, 7
Suppose f + 0 = 1. Let p be ((-14)/21)/(f/3). List the prime factors of (-33)/(-2) + 3/p.
3, 5
Let p(z) = 5*z**2 + 11*z + 62. What are the prime factors of p(-11)?
2, 3, 7, 13
Suppose 3 = -3*k - 9, 5*q + 5*k = 745. List the prime factors of q.
3, 17
Let g(k) = -2*k + 3. Let n be g(0). Suppose -4*t = -n*a - 35, 5*t + 4*a + 18 = 54. Suppose -t*c + 5*c + 141 = 0. List the prime factors of c.
47
Let p = -500 - -772. List the prime factors of p.
2, 17
Let q = 21 + 1. Suppose -q - 15 = -o. List the prime factors of o.
37
Let i(f) = f**2 + 19*f - 11. Let y be i(-19). Let n be ((-12)/(-2))/(y/(-594)). Suppose 4*b - 10*b = -n. List the prime factors of b.
2, 3
Let u = 375 - 94. List the prime factors of u.
281
Suppose 0 = 26*i - 27194 - 15862. List the prime factors of i.
2, 3, 23
Let b(o) = -o**3 + 5*o**2 + 3. Suppose -19 = -3*r - 4. List the prime factors of b(r).
3
Let o(y) = y**3 - 3*y**2 - 5*y + 6. Let h be o(4). Let w be 0/(h + 0 + 0). Suppose -a = -w*a - 12. List the prime factors of a.
2, 3
Let u = -28 + 39. Let z(q) = -3*q - 18. Let d(r) = 7*r + 37. Let h(k) = -2*d(k) - 5*z(k). What are the prime factors of h(u)?
3
Suppose -c - 4*z + 930 = 0, 6*z - 8*z + 4 = 0. List the prime factors of c.
2, 461
Suppose 5*g - 4*y - 14 = -y, -2*y + 8 = g. Suppose -g*z + 193 = -95. Let r = -35 + z. List the prime factors of r.
37
Suppose 425 = y - 143. Suppose 6*p + y = 2470. What are the prime factors of p?
317
What are the prime factors of 66 + (-13 + 5 - -4 - -2)?
2
Suppose 10093 = 5*l - 5*r - 5597, 0 = -l - 5*r + 3108. List the prime factors of l.
13, 241
Let u(i) = i**2 - 4*i - 6. Let s(x) = x**2 - 3*x - 7. Let m(g) = -3*s(g) + 4*u(g). List the prime factors of m(14).
5, 19
Let n be 38/(-5) + (-2)/5. Let d be (-10)/30 - n/(-3). What are the prime factors of (-4)/(-24)*-82*d?
41
Let r = 2903 + 261. List the prime factors of r.
2, 7, 113
Let w(z) = -z**3 + 9*z**2 + z - 7. Let r be w(9). Suppose 0 = 2*q + 2*q + a + 11, 4*a + 8 = r*q. List the prime factors of (-15 + q)*(-2)/2.
17
Let z = 623 + -284. List the prime factors of z.
3, 113
Let b be ((-6)/(-8))/(9/36). Suppose 22 + 89 = -b*j. Let s = j + 71. What are the prime factors of s?
2, 17
Suppose -2*j = 4*j - 378. Let v(g) = -14*g + 3. Let w be v(3). Let u = j + w. List the prime factors of u.
